 i and 16?
16
Let f be (-6)/9 - 7/(-21)*194. What is the greatest common divisor of 24 and f?
8
Let o(a) = -a**2 - 4*a. Suppose -16*s + 14*s = 10. Let z be o(s). Let n be (-78)/z - (-4)/10. Calculate the highest common factor of n and 48.
16
Let i(u) = u**2 + 5*u + 4. Let b be i(-7). Let a = b + -9. Suppose -3*r = -f - 16, 4*r - 9 = 2*f + a. Calculate the highest common divisor of 14 and r.
7
Let b be ((-12 + 0)*10/(-4))/1. Suppose 4*u - 2*o - 66 = -12, -5*o = 3*u - 60. What is the greatest common divisor of b and u?
15
Let j be 98/(-7) - 1/(-1). Let n = j - -52. Let z be (23 - -1)/(n/52). Calculate the greatest common divisor of z and 80.
16
Suppose -u + 75 = -5*k, 60*k - 62*k - 66 = -u. What is the greatest common factor of u and 330?
30
Let y(x) = -x + 97. Let i be y(-22). What is the greatest common factor of i and 68?
17
Let m(t) = t**2 - 23*t + 95. Let v be m(19). Calculate the greatest common factor of v and 437.
19
Let x = 4 + -7. Let q = 23 + x. Let a be ((-15)/q)/((-2)/96). Calculate the greatest common divisor of a and 18.
18
Let r = -2011 - -2110. Suppose 81 = 4*v - a, 2*v = 3*v - a - 18. Let b = -12 + v. Calculate the highest common divisor of r and b.
9
Suppose 0 = 55*w - 741 - 304. What is the highest common factor of w and 19?
19
Let c(i) = 18*i**2 - 2*i. Let o be c(-2). Suppose 0 = -5*g + o - 11. Let a = -15679 - -15796. Calculate the highest common divisor of a and g.
13
Let n = 32 - 28. Let a be 1*(-4)/(1 - 3). What is the greatest common factor of a and n?
2
Let o = 48 + -50. Let h be (-7)/((-21)/(-24))*o. Calculate the highest common divisor of h and 64.
16
Let x = 35 - 26. Let n be (0 + -6)*(3 + -4). What is the highest common divisor of n and x?
3
Let d(y) = y**3 + 9*y**2 + 3*y + 9. Let n be d(-8). Suppose 2*j = 15 + n. Let w = j + -18. What is the highest common factor of w and 2?
2
Let w(l) = l**3 + 3*l**2 - 4*l + 16. Let c be w(5). Let o = -64 + c. Calculate the greatest common factor of 44 and o.
44
Let k(m) = m**3 + 5*m**2 - 23*m - 27. Let h be k(-7). What is the highest common factor of h and 7?
1
Let v = 1 + 1. Suppose 1 = 3*f - v*z, -3*f + 21 = 5*z - 8. Suppose 0 = b - 2*t + 6, 3*b + f*t = -b + 20. Calculate the highest common divisor of 22 and b.
2
Let y(g) = -591*g - 786. Let p be y(-6). Calculate the greatest common factor of p and 120.
120
Let d = 42 + -37. Let j be (-1 + 0)/((2 - d)/21). Calculate the highest common divisor of j and 28.
7
Let p = 568 - 558. Calculate the highest common factor of 230 and p.
10
Let p = -60 + 65. Suppose -4*l = p*k - 90, 3*k + 54 = 3*l - 0*l. Calculate the greatest common factor of 80 and l.
20
Let f(j) = -60*j + 4. Let h be f(-5). What is the greatest common factor of h and 19?
19
Suppose 8*m - 20 = 396. What is the greatest common factor of 143 and m?
13
Let r(u) = -4*u**3 - 4*u**2 - 36*u - 68. Let g be r(-2). Suppose -24 = -4*x + x. Calculate the greatest common divisor of x and g.
4
Let g = 32 + -35. Let o = 38 + g. Calculate the greatest common factor of o and 385.
35
Suppose o - 1900 = 5*y, 21*o - 7515 = 17*o + 3*y. Calculate the highest common divisor of o and 15.
15
Let w be 3/(-18) + (-49)/(-6). Suppose -2*s = -w + 6. What is the greatest common divisor of s and 19?
1
Let d = 0 - -2. Suppose 14*u = 17*u - 27. Let i(p) = 2*p - 17. Let v be i(u). Calculate the greatest common divisor of v and d.
1
Let b be 4*(3 - 123/(-6)). Suppose -60 - b = -2*o. Calculate the highest common factor of o and 7.
7
Let k = -4 - -5. Let i be k/(-2)*(-8 + 6). Let z be (i - 1) + (-10 - -12). Calculate the greatest common divisor of z and 2.
2
Let n = 150 + -122. Calculate the highest common divisor of n and 14.
14
Let c be -265*(14/(-21))/((-10)/(-21)). What is the highest common factor of 7 and c?
7
Let j be -10 + 6 + 75 + -2 + 2. What is the greatest common divisor of j and 142?
71
Suppose 2*s + 4*v = 262, -6*s + 3*s - v + 393 = 0. Let h = 195 - s. What is the highest common divisor of 32 and h?
32
Suppose 0 = -4*c + 9*c - 20. Let a be (7 + -4 - c) + -5. Let o be (-2)/a + (-1236)/(-18). What is the highest common divisor of o and 23?
23
Suppose 8 = -2*s, 2*o - 4*o + 2*s = 2844. Let t = o + -330. Let j be t/(-28) + (-8)/(-28). Calculate the highest common factor of 7 and j.
7
Let a = -28766 - -28961. Let x(l) = 5*l**3 - 2*l**2 + 5*l - 2. Let r be x(3). What is the greatest common divisor of r and a?
65
Let j be (-59 - 1)*35/(-105). Calculate the greatest common divisor of 12 and j.
4
Suppose 28*m = 25*m + 12. Suppose -4*p + 2*u = p - 98, 80 = m*p - 2*u. What is the highest common divisor of 6 and p?
6
Let x = -1707 + 1739. What is the greatest common factor of 36 and x?
4
Let p be (-1 - -3*1) + 251. Let z(a) = -a**2 - 103*a - 373. Let t be z(-4). Calculate the highest common divisor of p and t.
23
Suppose -2*w + 6 = -0*w. Let y = 39 + -30. Calculate the highest common factor of w and y.
3
Suppose 4*u = 9*u - 10. Suppose -u*c + 17 = 3*o, -5*c + 2*o + 1 - 6 = 0. Let r be (-1 - -13)*(c - 0). Calculate the greatest common divisor of 12 and r.
12
Suppose 5*o - 658 = 497. Calculate the highest common divisor of o and 33.
33
Let b be -3*(-3 - -2)*513. What is the highest common factor of 81 and b?
81
Let h = 152 + -71. What is the greatest common divisor of 3 and h?
3
Let b = 10 + -24. Let o(i) = i**2 + 14*i + 1. Let w be o(b). Suppose 14*p - 20 = 10*p. Calculate the highest common factor of p and w.
1
Suppose 3*z + 1500 = -2*z. Let h be 3 - (z/2 - -3). Calculate the greatest common factor of h and 30.
30
Suppose -11*o + 6*o + 1870 = 0. What is the greatest common factor of o and 34?
34
Suppose -28*v + 70*v = 2940. Suppose 3*l - 2*z = 84, 2*z = 5*l - 3*z - 140. What is the highest common divisor of l and v?
14
Let o = 51 - 39. Suppose t = -2*t - o. Let p be 189/15 + t/(-10). Calculate the greatest common divisor of p and 65.
13
Let y = 2357 - 1052. What is the greatest common divisor of y and 45?
45
Suppose 402 - 117 = 3*a. What is the highest common factor of 76 and a?
19
Let y be (2 + -1)*(5 - 3). Let t = -59 + 98. Suppose 4*h = p - 0*p + 43, 3*p + t = 3*h. What is the greatest common divisor of h and y?
2
Let j be -7 + (0 - -4) - -26. Let h = 28 - j. What is the greatest common factor of h and 10?
5
Suppose 4*k - 13*i - 80 = -9*i, 2*i - 56 = -4*k. What is the greatest common divisor of k and 44?
4
Let y be 60/(-150) - ((-162)/10)/3. Suppose -3*a + x = -32, 0 = -3*a + 7*a + 2*x - 36. Calculate the highest common factor of a and y.
5
Let t be (-12)/(-7) + 6/21. Suppose 5*j - 3*o = -4*o + 96, t*o = 4*j - 88. Let s be (-201)/69 - -3 - 916/(-46). Calculate the highest common divisor of s and j.
20
Suppose -5*k + 107 = -3*l, -3*l + 17 = -k + 48. Let a be 22/209 + 150/k. Calculate the greatest common factor of a and 32.
8
Let f(y) = -392*y - 18. Let d be f(-1). What is the highest common divisor of 88 and d?
22
Let z = 135 - 125. Suppose -7*l - 5*w = -z*l + 13, 5*w + 2 = 2*l. Calculate the highest common divisor of 22 and l.
11
Suppose 4*f = -f + 10. Suppose 0 = -6*v + 3*v - h - 3, v = f*h + 6. Let y be 12 - (4 - 8 - v). What is the highest common divisor of y and 8?
8
Let m(a) = -4 + 8*a**2 - a - a**3 + 0 + 1. Suppose 0 = -3*g + g + 14. Let j be m(g). What is the greatest common divisor of 26 and j?
13
Let v be (7/4)/((-6)/36)*-2. What is the greatest common factor of v and 84?
21
Let j(d) = 5*d**2 + d. Let o be j(-1). Suppose 41 = -2*u + o*u - k, -u - 5*k = -4. Let i = u - 14. What is the highest common divisor of 35 and i?
5
Let k(s) = 22*s + 33. Let i be k(10). Calculate the greatest common divisor of i and 22.
11
Let z be ((-30)/(-20))/(1/6). Suppose 0 = -j - 1 + 7. What is the greatest common divisor of z and j?
3
Let n(s) = 9*s + 14. Let t(p) = 5*p + 7. Let d(j) = 6*n(j) - 11*t(j). Let b be d(3). Let m = 79 + -77. Calculate the highest common divisor of b and m.
2
Let o = -46 - -76. Suppose -4*u + 0*u = 2*v + 68, 0 = 2*u + 3*v + 30. Let a be ((-18)/4)/(u/1320). What is the greatest common divisor of a and o?
30
Let g(z) = -z**3 - 2*z**2 + 41*z - 25. Let d be g(5). Calculate the greatest common divisor of 395 and d.
5
Let p = 36 - 1. Suppose 0 = -5*u + 2*u. Suppose 5*o + 0 - p = u. What is the greatest common factor of 21 and o?
7
Let f = 208 - 124. What is the highest common divisor of f an